{"id":212,"date":"2020-09-03T00:15:32","date_gmt":"2020-09-02T22:15:32","guid":{"rendered":"https:\/\/ikaservices.forcinet.ma\/?page_id=212"},"modified":"2020-12-28T22:15:42","modified_gmt":"2020-12-28T21:15:42","slug":"decoration-interieure-exterieure","status":"publish","type":"page","link":"https:\/\/ikaservices.forcinet.ma\/index.php\/decoration-interieure-exterieure\/","title":{"rendered":"D\u00e9coration Int\u00e9rieure et Ext\u00e9rieure"},"content":{"rendered":"<div class=\"wpb-content-wrapper\"><p>[vc_row full_width=\u00a0\u00bbstretch_row\u00a0\u00bb full_height=\u00a0\u00bbyes\u00a0\u00bb css=\u00a0\u00bb.vc_custom_1601290758528{background-image: url(https:\/\/ikaservices.forcinet.ma\/wp-content\/uploads\/2020\/09\/Decoration-Slider-1-IKA-Services-1-1.jpg?id=431) !important;background-position: 0 0 !important;background-repeat: no-repeat !important;}\u00a0\u00bb][vc_column css_animation=\u00a0\u00bbnone\u00a0\u00bb width=\u00a0\u00bb1\/2&Prime;][vc_row_inner content_placement=\u00a0\u00bbmiddle\u00a0\u00bb css=\u00a0\u00bb.vc_custom_1601290803221{margin-top: 35px !important;margin-right: -10px !important;margin-left: -10px !important;border-top-width: -20px !important;padding-top: -90px !important;background-color: #f15d45 !important;}\u00a0\u00bb][vc_column_inner css=\u00a0\u00bb.vc_custom_1601247991060{padding-bottom: 10px !important;}\u00a0\u00bb][vc_column_text css=\u00a0\u00bb.vc_custom_1601290825025{margin-top: -25px !important;margin-bottom: -15px !important;border-right-width: 10px !important;border-left-width: 10px !important;padding-bottom: 0px !important;padding-left: 20px !important;}\u00a0\u00bb]<\/p>\n<p style=\"color: #ffffff; font-size: 18px;\">IKA SERVICES<\/p>\n<p>[\/vc_column_text][\/vc_column_inner][\/vc_row_inner][vc_row_inner css=\u00a0\u00bb.vc_custom_1601246572827{margin-right: -10px !important;margin-left: -10px !important;border-top-width: -20px !important;background-color: rgba(255,255,255,0.8) !important;*background-color: rgb(255,255,255) !important;}\u00a0\u00bb][vc_column_inner][vc_column_text css=\u00a0\u00bb.vc_custom_1601286766570{margin-top: -5px !important;margin-bottom: 8px !important;padding-right: 20px !important;padding-left: 20px !important;}\u00a0\u00bb]<\/p>\n<h1 style=\"color: #044273; font-size: 20px; font-weight: bold;\">D\u00e9corons vos espaces<\/h1>\n<p style=\"text-align: justify; color: #6d6464; font-size: 16px;\">Pour vos locaux professionnels et personnels, IKA Services con\u00e7oit et r\u00e9alise la d\u00e9coration et l&rsquo;ameublement de vos espaces.<\/p>\n<p>[\/vc_column_text][vc_btn title=\u00a0\u00bbD\u00c9COUVREZ\u00a0\u00bb style=\u00a0\u00bbcustom\u00a0\u00bb custom_background=\u00a0\u00bb#f15d45&Prime; custom_text=\u00a0\u00bb#ffffff\u00a0\u00bb shape=\u00a0\u00bbsquare\u00a0\u00bb css_animation=\u00a0\u00bbnone\u00a0\u00bb css=\u00a0\u00bb.vc_custom_1601291208572{margin-top: 5px !important;margin-right: 10px !important;margin-left: 20px !important;}\u00a0\u00bb link=\u00a0\u00bburl:%23decorer|||\u00a0\u00bb][vc_btn title=\u00a0\u00bbPASSEZ A L&rsquo;ACTION\u00a0\u00bb style=\u00a0\u00bbcustom\u00a0\u00bb custom_background=\u00a0\u00bb#044273&Prime; custom_text=\u00a0\u00bb#ffffff\u00a0\u00bb shape=\u00a0\u00bbsquare\u00a0\u00bb css_animation=\u00a0\u00bbnone\u00a0\u00bb css=\u00a0\u00bb.vc_custom_1601291669037{margin-top: 5px !important;padding-left: 20px !important;}\u00a0\u00bb link=\u00a0\u00bburl:https%3A%2F%2Fikaservices.forcinet.ma%2Findex.php%2Fcontact-devis%2F|title:Contactez-Nous%20%E2%80%93%20Demander%20un%20Devis||\u00a0\u00bb][\/vc_column_inner][\/vc_row_inner][\/vc_column][vc_column width=\u00a0\u00bb1\/2&Prime;][\/vc_column][\/vc_row][vc_row][vc_column el_id=\u00a0\u00bbdecor\u00a0\u00bb][vc_column_text css_animation=\u00a0\u00bbnone\u00a0\u00bb]<\/p>\n<p style=\"text-align: justify;\"><strong>IKA Services<\/strong> se charge de votre projet de bout en bout: De la Construction \u00e0 la D\u00e9coration en passant par l&rsquo;Am\u00e9nagement et les Travaux divers.<\/p>\n<p>[\/vc_column_text][\/vc_column][\/vc_row][vc_row][vc_column width=\u00a0\u00bb4\/12&Prime;][vc_images_carousel images=\u00a0\u00bb216&Prime; img_size=\u00a0\u00bbfull\u00a0\u00bb speed=\u00a0\u00bb3000&Prime; wrap=\u00a0\u00bbyes\u00a0\u00bb][\/vc_column][vc_column width=\u00a0\u00bb5\/12&Prime;]<div class=\"mgt-header-block clearfix text-left text-black wpb_content_element  mgt-header-block-style-2 mgt-header-texttransform-none  vc_custom_1600949743957\"><p class=\"mgt-header-block-subtitle\">Design &amp; Tendances<\/p><h2 class=\"mgt-header-block-title\">D\u00e9coration<\/h2><div class=\"mgt-header-line\"><\/div><\/div>[vc_column_text css_animation=\u00a0\u00bbnone\u00a0\u00bb]<\/p>\n<p style=\"text-align: justify;\">Vous avez besoin de d\u00e9coration pour vos espaces professionnels, commerciaux, immobiliers ou autres ? Vous souhaitez les embellir de l&rsquo;int\u00e9rieur comme de l&rsquo;ext\u00e9rieur ?<\/p>\n<p style=\"text-align: justify;\"><strong>IKA Services<\/strong> d\u00e9core et illumine vos locaux de travail, magasins, restaurants, caf\u00e9s, villas, etc, en optant pour une d\u00e9coration tendance qui met en avant tous les coins de votre espace et qui assure un apaisement et un confort in\u00e9dits.<\/p>\n<p>[\/vc_column_text][\/vc_column][vc_column width=\u00a0\u00bb1\/4&Prime;]<div class=\"mgt-header-block clearfix text-left text-black wpb_content_element  mgt-header-block-style-2 mgt-header-texttransform-none  vc_custom_1600949769124\"><p class=\"mgt-header-block-subtitle\">NOS SERVICES<\/p><h3 class=\"mgt-header-block-title\"><\/h3><div class=\"mgt-header-line\"><\/div><\/div>[vc_raw_html]JTNDZGl2JTIwY2xhc3MlM0QlMjJ3aWRnZXQtZG93bmxvYWQtbGluay13cmFwcGVyJTIyJTNFJTBBJTNDZGl2JTIwY2xhc3MlM0QlMjJ3aWRnZXQtZG93bmxvYWQtZGV0YWlscyUyMiUzRSUwQSUzQ2RpdiUyMGNsYXNzJTNEJTIyd2lkZ2V0LWRvd25sb2FkLXRpdGxlJTIyJTNFJTNDYSUyMGhyZWYlM0QlMjJodHRwcyUzQSUyRiUyRnd3dy5pa2Etc2VydmljZXMubWElMkZpbmRleC5waHAlMkZjb25zdHJ1Y3Rpb24tYmV0b24tYm9pcyUyRiUyMiUzRUNvbnN0cnVjdGlvbiUzQyUyRmElM0UlM0MlMkZkaXYlM0UlMEElM0NkaXYlMjBjbGFzcyUzRCUyMndpZGdldC1kb3dubG9hZC1zdWJ0aXRsZSUyMiUzRWVuJTIwYiVDMyVBOXRvbiUyMG91JTIwZW4lMjBib2lzJTNDJTJGZGl2JTNFJTBBJTNDJTJGZGl2JTNFJTBBJTNDJTJGZGl2JTNFJTBBJTNDZGl2JTIwY2xhc3MlM0QlMjJ3aWRnZXQtZG93bmxvYWQtbGluay13cmFwcGVyJTIyJTNFJTBBJTNDZGl2JTIwY2xhc3MlM0QlMjJ3aWRnZXQtZG93bmxvYWQtZGV0YWlscyUyMiUzRSUwQSUzQ2RpdiUyMGNsYXNzJTNEJTIyd2lkZ2V0LWRvd25sb2FkLXRpdGxlJTIyJTNFJTNDYSUyMGhyZWYlM0QlMjJodHRwcyUzQSUyRiUyRnd3dy5pa2Etc2VydmljZXMubWElMkZpbmRleC5waHAlMkZhbWVuYWdlbWVudC1yZW5vdmF0aW9uJTJGJTIyJTNFQW0lQzMlQTluYWdlbWVudCUzQyUyRmElM0UlM0MlMkZkaXYlM0UlMEElM0NkaXYlMjBjbGFzcyUzRCUyMndpZGdldC1kb3dubG9hZC1zdWJ0aXRsZSUyMiUzRUFnZW5jZW1lbnQlMjBldCUyMFRyYXZhdXglMjBkaXZlcnMlM0MlMkZkaXYlM0UlMEElM0MlMkZkaXYlM0UlMEElM0MlMkZkaXYlM0UlMEElM0NkaXYlMjBjbGFzcyUzRCUyMndpZGdldC1kb3dubG9hZC1saW5rLXdyYXBwZXIlMjIlM0UlMEElM0NkaXYlMjBjbGFzcyUzRCUyMndpZGdldC1kb3dubG9hZC1kZXRhaWxzJTIyJTNFJTBBJTNDZGl2JTIwY2xhc3MlM0QlMjJ3aWRnZXQtZG93bmxvYWQtdGl0bGUlMjIlM0UlM0NhJTIwaHJlZiUzRCUyMmh0dHBzJTNBJTJGJTJGd3d3LmlrYS1zZXJ2aWNlcy5tYSUyRmluZGV4LnBocCUyRmRlY29yYXRpb24taW50ZXJpZXVyZS1leHRlcmlldXJlJTJGJTIyJTNFRCVDMyVBOWNvcmF0aW9uJTNDJTJGYSUzRSUzQyUyRmRpdiUzRSUwQSUzQ2RpdiUyMGNsYXNzJTNEJTIyd2lkZ2V0LWRvd25sb2FkLXN1YnRpdGxlJTIyJTNFSW50JUMzJUE5cmlldXJlJTIwZXQlMjBleHQlQzMlQTlyaWV1cmUlM0MlMkZkaXYlM0UlMEElM0MlMkZkaXYlM0UlMEElM0MlMkZkaXYlM0U=[\/vc_raw_html][\/vc_column][\/vc_row][vc_row][vc_column]<div class=\"mgt-header-block clearfix text-left text-black wpb_content_element  mgt-header-block-style-2 mgt-header-texttransform-none  vc_custom_1600949782391\"><h3 class=\"mgt-header-block-title\">Nous assurons<\/h3><div class=\"mgt-header-line\"><\/div><\/div>[\/vc_column][\/vc_row][vc_row css=\u00a0\u00bb.vc_custom_1464268355532{margin-bottom: 30px !important;}\u00a0\u00bb][vc_column width=\u00a0\u00bb1\/2&Prime;]<div class=\"mgt-icon-box wpb_content_element mgt-icon-box-centered mgt-icon-image text-black \"><div class=\"mgt-icon-box-icon hvr-icon-push\"><img decoding=\"async\" src=\"https:\/\/ikaservices.forcinet.ma\/wp-content\/uploads\/2020\/09\/Decor-interieur.png\" alt=\"D\u00c9CORATION INT\u00c9RIEURE\" \/><\/div><div class=\"mgt-icon-box-content\"><h6>SERVICE<\/h6><h5>D\u00c9CORATION INT\u00c9RIEURE<\/h5><\/p>\n<p style=\"text-align: justify\">Vos bureaux, villas, appartements, h\u00f4tels, restaurants, caf\u00e9s, etc, ont besoin de d\u00e9cor ad\u00e9quat qui soit \u00e0 la fois original et \u00e0 votre go\u00fbt. IKA Services vous offre un service cl\u00e9 en main de d\u00e9coration int\u00e9rieure int\u00e9grant le choix des meubles et tous les objets d\u00e9coratifs.<\/p>\n<p><\/div><div class=\"clearfix\"><\/div><\/div>[\/vc_column][vc_column width=\u00a0\u00bb1\/2&Prime; css=\u00a0\u00bb.vc_custom_1597939249170{margin-top: -28px !important;}\u00a0\u00bb]<div class=\"mgt-icon-box wpb_content_element mgt-icon-box-centered mgt-icon-image text-black \"><div class=\"mgt-icon-box-icon hvr-icon-push\"><img decoding=\"async\" src=\"https:\/\/ikaservices.forcinet.ma\/wp-content\/uploads\/2020\/09\/Decor-exterieur.png\" alt=\"D\u00c9CORATION EXT\u00c9RIEURE\" \/><\/div><div class=\"mgt-icon-box-content\"><h6>SERVICE<\/h6><h5>D\u00c9CORATION EXT\u00c9RIEURE<\/h5><\/p>\n<p style=\"text-align: justify\">Vos espaces ext\u00e9rieurs des locaux de travail, villas, centres commerciaux, h\u00f4tels, restaurants, caf\u00e9s, etc, doivent \u00eatre apaisants et agr\u00e9ables pour la d\u00e9tente. IKA Services vous accompagne dans vos projets pour assurer leur ameublement et leur d\u00e9co selon les tendances et la nature du paysage.<\/p>\n<p><\/div><div class=\"clearfix\"><\/div><\/div>[\/vc_column][\/vc_row][vc_row][vc_column][vc_separator][\/vc_column][\/vc_row][vc_row][vc_column]<div class=\"mgt-header-block clearfix text-left text-black wpb_content_element  mgt-header-block-style-2 mgt-header-texttransform-none  vc_custom_1600949817728\"><h2 class=\"mgt-header-block-title\">D\u00e9coration, du Conseil \u00e0 la R\u00e9alisation<\/h2><div class=\"mgt-header-line\"><\/div><\/div>[\/vc_column][\/vc_row][vc_row][vc_column width=\u00a0\u00bb1\/2&Prime;][vc_column_text css_animation=\u00a0\u00bbnone\u00a0\u00bb]<\/p>\n<p style=\"align: justify;\">Gr\u00e2ce \u00e0 l&rsquo;expertise de nos conseillers et notre veille sur les tendances d\u00e9co, <strong>IKA Services<\/strong> vous conseille sur les choix de d\u00e9co de vos espaces int\u00e9rieurs et ext\u00e9rieurs.<\/p>\n<p style=\"align: justify;\">Nous assurons \u00e9galement la conception de ces espaces \u00e0 am\u00e9nager ou r\u00e9nover et vous disposons d&rsquo;une panoplie d&rsquo;objets d\u00e9coratifs et de meubles afin d&#8217;embellir vos espaces et mettre en avant tous leurs coins.<\/p>\n<p style=\"align: justify;\">Parce qu&rsquo;une architecture raffin\u00e9e n\u00e9cessite un bon design int\u00e9rieur et ext\u00e9rieur, <strong>IKA Services<\/strong> vous accompagne dans votre projet de bout en bout.<\/p>\n<p>[\/vc_column_text][\/vc_column][vc_column width=\u00a0\u00bb1\/2&Prime;]<style scoped='scoped'>.mgt-promo-block-79292048663.mgt-promo-block.animated:hover .mgt-promo-block-content {background-color: rgba(0,0,0,0.5)!important;}<\/style><div class=\"mgt-promo-block animated white-text text-size-normal no-darken mgt-promo-block-79292048663 wpb_content_element\" data-style=\"background-color: #2a2f35;width: 100%; height: 250px;\"><div class=\"mgt-promo-block-content va-top\"><div class=\"mgt-promo-block-content-inside vc_custom_1600956342929\">\n<h4 style=\"text-align: left\">POURQUOI IKA SERVICES ?<\/h4>\n<p style=\"text-align: left\">Prise en charge de bout en bout de projets complets: Construction en b\u00e9ton et en bois, Am\u00e9nagement de bureaux, villas, maisons, restaurants, caf\u00e9s,etc, D\u00e9coration et Travaux divers (carrelage, agencement, vid\u00e9o surveillance, peinture, pl\u00e2trerie, plomberie, menuiserie&#8230;).\n<div class=\"mgt-button-wrapper mgt-button-wrapper-align-left mgt-button-wrapper-display-newline mgt-button-top-margin-enable\"><a class=\"btn hvr-icon-wobble-horizontal mgt-button mgt-style-textwhite mgt-size-normal mgt-align-left mgt-display-newline mgt-text-size-small mgt-button-icon-position-right mgt-text-transform-uppercase \" href=\"https:\/\/ikaservices.forcinet.ma\/index.php\/contact-devis\/\" target=\"_blank\">D\u00e9corez votre espace<i class=\"fa fa-arrow-right\"><\/i><\/a><\/div><\/div><\/div><\/div>[\/vc_column][\/vc_row][vc_row][vc_column][vc_separator][\/vc_column][\/vc_row]<\/p>\n<\/div>","protected":false},"excerpt":{"rendered":"<p>[vc_row full_width=\u00a0\u00bbstretch_row\u00a0\u00bb full_height=\u00a0\u00bbyes\u00a0\u00bb css=\u00a0\u00bb.vc_custom_1601290758528{background-image: url(https:\/\/ikaservices.forcinet.ma\/wp-content\/uploads\/2020\/09\/Decoration-Slider-1-IKA-Services-1-1.jpg?id=431) !important;background-position: 0 0 !important;background-repeat: no-repeat !important;}\u00a0\u00bb][vc_column css_animation=\u00a0\u00bbnone\u00a0\u00bb width=\u00a0\u00bb1\/2&Prime;][vc_row_inner content_placement=\u00a0\u00bbmiddle\u00a0\u00bb css=\u00a0\u00bb.vc_custom_1601290803221{margin-top: 35px !important;margin-right: -10px !important;margin-left: -10px !important;border-top-width: -20px !important;padding-top: -90px !important;background-color: #f15d45 !important;}\u00a0\u00bb][vc_column_inner css=\u00a0\u00bb.vc_custom_1601247991060{padding-bottom: 10px !important;}\u00a0\u00bb][vc_column_text&#8230;<\/p>\n","protected":false},"author":1,"featured_media":0,"parent":0,"menu_order":0,"comment_status":"closed","ping_status":"closed","template":"","meta":{"footnotes":""},"class_list":["post-212","page","type-page","status-publish","hentry"],"yoast_head":"<!-- This site is optimized with the Yoast SEO plugin v23.4 - https:\/\/yoast.com\/wordpress\/plugins\/seo\/ -->\n<title>D\u00e9coration Int\u00e9rieure et Ext\u00e9rieure d&#039;Espaces Immobiliers | IKA Services<\/title>\n<meta name=\"description\" content=\"IKA Services assure la d\u00e9coration de vos locaux de travail, magasins, restaurants, caf\u00e9s, villas, etc, tout en suivant les nouvelles tendances\" \/>\n<meta name=\"robots\" content=\"index, follow, max-snippet:-1, max-image-preview:large, max-video-preview:-1\" \/>\n<link rel=\"canonical\" href=\"https:\/\/ikaservices.forcinet.ma\/index.php\/decoration-interieure-exterieure\/\" \/>\n<meta property=\"og:locale\" content=\"fr_FR\" \/>\n<meta property=\"og:type\" content=\"article\" \/>\n<meta property=\"og:title\" content=\"D\u00e9coration Int\u00e9rieure et Ext\u00e9rieure d&#039;Espaces Immobiliers | IKA Services\" \/>\n<meta property=\"og:description\" content=\"IKA Services assure la d\u00e9coration de vos locaux de travail, magasins, restaurants, caf\u00e9s, villas, etc, tout en suivant les nouvelles tendances.\" \/>\n<meta property=\"og:url\" content=\"https:\/\/ikaservices.forcinet.ma\/index.php\/decoration-interieure-exterieure\/\" \/>\n<meta property=\"og:site_name\" content=\"IKA Services\" \/>\n<meta property=\"article:modified_time\" content=\"2020-12-28T21:15:42+00:00\" \/>\n<meta property=\"og:image\" content=\"https:\/\/ikaservices.forcinet.ma\/wp-content\/uploads\/2020\/09\/Page-devis-IKA-Services-1.jpg\" \/>\n\t<meta property=\"og:image:width\" content=\"1400\" \/>\n\t<meta property=\"og:image:height\" content=\"467\" \/>\n\t<meta property=\"og:image:type\" content=\"image\/jpeg\" \/>\n<meta name=\"twitter:card\" content=\"summary_large_image\" \/>\n<meta name=\"twitter:title\" content=\"D\u00e9coration Int\u00e9rieure et Ext\u00e9rieure d&#039;Espaces Immobiliers | IKA Services\" \/>\n<meta name=\"twitter:description\" content=\"IKA Services assure la d\u00e9coration de vos locaux de travail, magasins, restaurants, caf\u00e9s, villas, etc, tout en suivant les nouvelles tendances.\" \/>\n<meta name=\"twitter:image\" content=\"https:\/\/ikaservices.forcinet.ma\/wp-content\/uploads\/2020\/09\/Page-devis-IKA-Services-1.jpg\" \/>\n<meta name=\"twitter:label1\" content=\"Dur\u00e9e de lecture estim\u00e9e\" \/>\n\t<meta name=\"twitter:data1\" content=\"6 minutes\" \/>\n<script type=\"application\/ld+json\" class=\"yoast-schema-graph\">{\"@context\":\"https:\/\/schema.org\",\"@graph\":[{\"@type\":\"WebPage\",\"@id\":\"https:\/\/ikaservices.forcinet.ma\/index.php\/decoration-interieure-exterieure\/\",\"url\":\"https:\/\/ikaservices.forcinet.ma\/index.php\/decoration-interieure-exterieure\/\",\"name\":\"D\u00e9coration Int\u00e9rieure et Ext\u00e9rieure d'Espaces Immobiliers | IKA Services\",\"isPartOf\":{\"@id\":\"https:\/\/ikaservices.forcinet.ma\/#website\"},\"datePublished\":\"2020-09-02T22:15:32+00:00\",\"dateModified\":\"2020-12-28T21:15:42+00:00\",\"description\":\"IKA Services assure la d\u00e9coration de vos locaux de travail, magasins, restaurants, caf\u00e9s, villas, etc, tout en suivant les nouvelles tendances\",\"inLanguage\":\"fr-FR\",\"potentialAction\":[{\"@type\":\"ReadAction\",\"target\":[\"https:\/\/ikaservices.forcinet.ma\/index.php\/decoration-interieure-exterieure\/\"]}]},{\"@type\":\"WebSite\",\"@id\":\"https:\/\/ikaservices.forcinet.ma\/#website\",\"url\":\"https:\/\/ikaservices.forcinet.ma\/\",\"name\":\"IKA Services\",\"description\":\"Construction, Am\u00e9nagement &amp; D\u00e9coration\",\"potentialAction\":[{\"@type\":\"SearchAction\",\"target\":{\"@type\":\"EntryPoint\",\"urlTemplate\":\"https:\/\/ikaservices.forcinet.ma\/?s={search_term_string}\"},\"query-input\":{\"@type\":\"PropertyValueSpecification\",\"valueRequired\":true,\"valueName\":\"search_term_string\"}}],\"inLanguage\":\"fr-FR\"}]}<\/script>\n<!-- \/ Yoast SEO plugin. -->","yoast_head_json":{"title":"D\u00e9coration Int\u00e9rieure et Ext\u00e9rieure d'Espaces Immobiliers | IKA Services","description":"IKA Services assure la d\u00e9coration de vos locaux de travail, magasins, restaurants, caf\u00e9s, villas, etc, tout en suivant les nouvelles tendances","robots":{"index":"index","follow":"follow","max-snippet":"max-snippet:-1","max-image-preview":"max-image-preview:large","max-video-preview":"max-video-preview:-1"},"canonical":"https:\/\/ikaservices.forcinet.ma\/index.php\/decoration-interieure-exterieure\/","og_locale":"fr_FR","og_type":"article","og_title":"D\u00e9coration Int\u00e9rieure et Ext\u00e9rieure d'Espaces Immobiliers | IKA Services","og_description":"IKA Services assure la d\u00e9coration de vos locaux de travail, magasins, restaurants, caf\u00e9s, villas, etc, tout en suivant les nouvelles tendances.","og_url":"https:\/\/ikaservices.forcinet.ma\/index.php\/decoration-interieure-exterieure\/","og_site_name":"IKA Services","article_modified_time":"2020-12-28T21:15:42+00:00","og_image":[{"width":1400,"height":467,"url":"https:\/\/ikaservices.forcinet.ma\/wp-content\/uploads\/2020\/09\/Page-devis-IKA-Services-1.jpg","type":"image\/jpeg"}],"twitter_card":"summary_large_image","twitter_title":"D\u00e9coration Int\u00e9rieure et Ext\u00e9rieure d'Espaces Immobiliers | IKA Services","twitter_description":"IKA Services assure la d\u00e9coration de vos locaux de travail, magasins, restaurants, caf\u00e9s, villas, etc, tout en suivant les nouvelles tendances.","twitter_image":"https:\/\/ikaservices.forcinet.ma\/wp-content\/uploads\/2020\/09\/Page-devis-IKA-Services-1.jpg","twitter_misc":{"Dur\u00e9e de lecture estim\u00e9e":"6 minutes"},"schema":{"@context":"https:\/\/schema.org","@graph":[{"@type":"WebPage","@id":"https:\/\/ikaservices.forcinet.ma\/index.php\/decoration-interieure-exterieure\/","url":"https:\/\/ikaservices.forcinet.ma\/index.php\/decoration-interieure-exterieure\/","name":"D\u00e9coration Int\u00e9rieure et Ext\u00e9rieure d'Espaces Immobiliers | IKA Services","isPartOf":{"@id":"https:\/\/ikaservices.forcinet.ma\/#website"},"datePublished":"2020-09-02T22:15:32+00:00","dateModified":"2020-12-28T21:15:42+00:00","description":"IKA Services assure la d\u00e9coration de vos locaux de travail, magasins, restaurants, caf\u00e9s, villas, etc, tout en suivant les nouvelles tendances","inLanguage":"fr-FR","potentialAction":[{"@type":"ReadAction","target":["https:\/\/ikaservices.forcinet.ma\/index.php\/decoration-interieure-exterieure\/"]}]},{"@type":"WebSite","@id":"https:\/\/ikaservices.forcinet.ma\/#website","url":"https:\/\/ikaservices.forcinet.ma\/","name":"IKA Services","description":"Construction, Am\u00e9nagement &amp; D\u00e9coration","potentialAction":[{"@type":"SearchAction","target":{"@type":"EntryPoint","urlTemplate":"https:\/\/ikaservices.forcinet.ma\/?s={search_term_string}"},"query-input":{"@type":"PropertyValueSpecification","valueRequired":true,"valueName":"search_term_string"}}],"inLanguage":"fr-FR"}]}},"_links":{"self":[{"href":"https:\/\/ikaservices.forcinet.ma\/index.php\/wp-json\/wp\/v2\/pages\/212"}],"collection":[{"href":"https:\/\/ikaservices.forcinet.ma\/index.php\/wp-json\/wp\/v2\/pages"}],"about":[{"href":"https:\/\/ikaservices.forcinet.ma\/index.php\/wp-json\/wp\/v2\/types\/page"}],"author":[{"embeddable":true,"href":"https:\/\/ikaservices.forcinet.ma\/index.php\/wp-json\/wp\/v2\/users\/1"}],"replies":[{"embeddable":true,"href":"https:\/\/ikaservices.forcinet.ma\/index.php\/wp-json\/wp\/v2\/comments?post=212"}],"version-history":[{"count":20,"href":"https:\/\/ikaservices.forcinet.ma\/index.php\/wp-json\/wp\/v2\/pages\/212\/revisions"}],"predecessor-version":[{"id":481,"href":"https:\/\/ikaservices.forcinet.ma\/index.php\/wp-json\/wp\/v2\/pages\/212\/revisions\/481"}],"wp:attachment":[{"href":"https:\/\/ikaservices.forcinet.ma\/index.php\/wp-json\/wp\/v2\/media?parent=212"}],"curies":[{"name":"wp","href":"https:\/\/api.w.org\/{rel}","templated":true}]}}