{"id":172,"date":"2020-09-02T23:37:38","date_gmt":"2020-09-02T21:37:38","guid":{"rendered":"https:\/\/ikaservices.forcinet.ma\/?page_id=172"},"modified":"2020-12-28T22:18:53","modified_gmt":"2020-12-28T21:18:53","slug":"amenagement-renovation","status":"publish","type":"page","link":"https:\/\/ikaservices.forcinet.ma\/index.php\/amenagement-renovation\/","title":{"rendered":"Am\u00e9nagement d&rsquo;Espaces Professionnels, Commerciaux et Immobiliers"},"content":{"rendered":"<div class=\"wpb-content-wrapper\"><p>[vc_row full_width=\u00a0\u00bbstretch_row\u00a0\u00bb full_height=\u00a0\u00bbyes\u00a0\u00bb css=\u00a0\u00bb.vc_custom_1601291509687{background-image: url(https:\/\/ikaservices.forcinet.ma\/wp-content\/uploads\/2020\/09\/Amenagement-Bureaux-IKA-Services-2-1.jpg?id=413) !important;background-position: 0 0 !important;background-repeat: no-repeat !important;}\u00a0\u00bb][vc_column css_animation=\u00a0\u00bbnone\u00a0\u00bb width=\u00a0\u00bb1\/2&Prime;][vc_row_inner content_placement=\u00a0\u00bbmiddle\u00a0\u00bb css=\u00a0\u00bb.vc_custom_1601285337911{margin-top: 35px !important;margin-right: -10px !important;margin-left: -10px !important;border-top-width: -20px !important;padding-top: -90px !important;background-color: #f15d45 !important;}\u00a0\u00bb][vc_column_inner css=\u00a0\u00bb.vc_custom_1601247991060{padding-bottom: 10px !important;}\u00a0\u00bb][vc_column_text css=\u00a0\u00bb.vc_custom_1601291580254{margin-top: -25px !important;margin-bottom: -15px !important;border-right-width: 10px !important;border-left-width: 10px !important;padding-bottom: 0px !important;padding-left: 20px !important;}\u00a0\u00bb]<\/p>\n<p style=\"color: #ffffff; font-size: 18px;\">IKA SERVICES<\/p>\n<p>[\/vc_column_text][\/vc_column_inner][\/vc_row_inner][vc_row_inner css=\u00a0\u00bb.vc_custom_1601246572827{margin-right: -10px !important;margin-left: -10px !important;border-top-width: -20px !important;background-color: rgba(255,255,255,0.8) !important;*background-color: rgb(255,255,255) !important;}\u00a0\u00bb][vc_column_inner][vc_column_text css=\u00a0\u00bb.vc_custom_1601285415254{margin-top: -5px !important;margin-bottom: 8px !important;padding-right: 20px !important;padding-left: 20px !important;}\u00a0\u00bb]<\/p>\n<h1 style=\"color: #044273; font-size: 20px; font-weight: bold;\">Am\u00e9nageons vos espaces<\/h1>\n<p style=\"text-align: justify; color: #6d6464; font-size: 16px;\">Pour vos bureaux, biens immobiliers ou espaces commerciaux, IKA Services assure vos travaux d&rsquo;am\u00e9nagement et de r\u00e9novation de bout en bout.<\/p>\n<p>[\/vc_column_text][vc_btn title=\u00a0\u00bbD\u00c9COUVREZ\u00a0\u00bb style=\u00a0\u00bbcustom\u00a0\u00bb custom_background=\u00a0\u00bb#f15d45&Prime; custom_text=\u00a0\u00bb#ffffff\u00a0\u00bb shape=\u00a0\u00bbsquare\u00a0\u00bb css_animation=\u00a0\u00bbnone\u00a0\u00bb css=\u00a0\u00bb.vc_custom_1601291619918{margin-top: 5px !important;margin-right: 10px !important;margin-left: 20px !important;}\u00a0\u00bb link=\u00a0\u00bburl:https%3A%2F%2Fikaservices.forcinet.ma%2Findex.php%2Famenagement-renovation%2F%23amenager|||\u00a0\u00bb][vc_btn title=\u00a0\u00bbPASSEZ A L&rsquo;ACTION\u00a0\u00bb style=\u00a0\u00bbcustom\u00a0\u00bb custom_background=\u00a0\u00bb#044273&Prime; custom_text=\u00a0\u00bb#ffffff\u00a0\u00bb shape=\u00a0\u00bbsquare\u00a0\u00bb css_animation=\u00a0\u00bbnone\u00a0\u00bb css=\u00a0\u00bb.vc_custom_1601291802233{margin-top: 5px !important;padding-left: 20px !important;}\u00a0\u00bb link=\u00a0\u00bburl:https%3A%2F%2Fikaservices.forcinet.ma%2Findex.php%2Fcontact-devis%2F|title:Contactez-Nous%20%E2%80%93%20Demander%20un%20Devis||\u00a0\u00bb][\/vc_column_inner][\/vc_row_inner][\/vc_column][vc_column width=\u00a0\u00bb1\/2&Prime;][\/vc_column][\/vc_row][vc_row][vc_column el_id=\u00a0\u00bbdecor\u00a0\u00bb][vc_column_text css_animation=\u00a0\u00bbnone\u00a0\u00bb]<\/p>\n<p style=\"text-align: justify;\"><strong>IKA Services<\/strong> se charge de votre projet de bout en bout: De la Construction \u00e0 la D\u00e9coration en passant par l&rsquo;Am\u00e9nagement et les Travaux divers.<\/p>\n<p>[\/vc_column_text][\/vc_column][\/vc_row][vc_row][vc_column width=\u00a0\u00bb5\/12&Prime; css=\u00a0\u00bb.vc_custom_1599463882776{margin-right: 0px !important;padding-right: 0px !important;}\u00a0\u00bb el_id=\u00a0\u00bbamenagement\u00a0\u00bb]<style scoped='scoped'>.mgt-promo-block-36261014417.mgt-promo-block .mgt-promo-block-content h2 {font-size: 30px;line-height: normal!important;}<\/style><div class=\"mgt-promo-block black-text text-size-normal no-darken mgt-promo-block-36261014417 wpb_content_element\" data-style=\"background-color: #f5f5f5;width: 100%; height: 400px;\"><div class=\"mgt-promo-block-content\"><div class=\"mgt-promo-block-content-inside vc_custom_1601243866370\">\n<h4>Design &amp; Confort<\/h4>\n<h2 style=\"text-align: left;color: #044273\">Am\u00e9nagement et R\u00e9novation<\/h2>\n<p style=\"text-align: justify\">Vous avez un projet d&rsquo;am\u00e9nagement ou de r\u00e9novation de vos bureaux ou d&rsquo;un espace de divertissement, loisirs ou restauration (caf\u00e9, restaurant, h\u00f4tel, centre commercial,&#8230;) de bout en bout ?\n<p style=\"text-align: justify\">IKA Services assurera un am\u00e9nagement optimal de vos espaces \u00e0 construire ou \u00e0 r\u00e9nover pour vous garantir une ambiance conviviale, un design agr\u00e9able avec une prise en charge compl\u00e8te de tous les travaux n\u00e9cessaires.\n<\/div><\/div><\/div>[\/vc_column][vc_column width=\u00a0\u00bb4\/12&Prime; css=\u00a0\u00bb.vc_custom_1460641327282{margin-left: 0px !important;padding-left: 0px !important;}\u00a0\u00bb][vc_single_image image=\u00a0\u00bb184&Prime; img_size=\u00a0\u00bbfull\u00a0\u00bb][\/vc_column][vc_column width=\u00a0\u00bb1\/4&Prime;]<div class=\"mgt-header-block clearfix text-left text-black wpb_content_element  mgt-header-block-style-2 mgt-header-texttransform-none  vc_custom_1597934664004\"><p class=\"mgt-header-block-subtitle\">NOS SERVICES<\/p><h3 class=\"mgt-header-block-title\"><\/h3><div class=\"mgt-header-line\"><\/div><\/div>[vc_raw_html]JTNDZGl2JTIwY2xhc3MlM0QlMjJ3aWRnZXQtZG93bmxvYWQtbGluay13cmFwcGVyJTIyJTNFJTBBJTNDZGl2JTIwY2xhc3MlM0QlMjJ3aWRnZXQtZG93bmxvYWQtZGV0YWlscyUyMiUzRSUwQSUzQ2RpdiUyMGNsYXNzJTNEJTIyd2lkZ2V0LWRvd25sb2FkLXRpdGxlJTIyJTNFJTNDYSUyMGhyZWYlM0QlMjJodHRwcyUzQSUyRiUyRnd3dy5pa2Etc2VydmljZXMubWElMkZpbmRleC5waHAlMkZjb25zdHJ1Y3Rpb24tYmV0b24tYm9pcyUyRiUyMiUzRUNvbnN0cnVjdGlvbiUzQyUyRmElM0UlM0MlMkZkaXYlM0UlMEElM0NkaXYlMjBjbGFzcyUzRCUyMndpZGdldC1kb3dubG9hZC1zdWJ0aXRsZSUyMiUzRWVuJTIwYiVDMyVBOXRvbiUyMG91JTIwZW4lMjBib2lzJTNDJTJGZGl2JTNFJTBBJTNDJTJGZGl2JTNFJTBBJTNDJTJGZGl2JTNFJTBBJTNDZGl2JTIwY2xhc3MlM0QlMjJ3aWRnZXQtZG93bmxvYWQtbGluay13cmFwcGVyJTIyJTNFJTBBJTNDZGl2JTIwY2xhc3MlM0QlMjJ3aWRnZXQtZG93bmxvYWQtZGV0YWlscyUyMiUzRSUwQSUzQ2RpdiUyMGNsYXNzJTNEJTIyd2lkZ2V0LWRvd25sb2FkLXRpdGxlJTIyJTNFJTNDYSUyMGhyZWYlM0QlMjJodHRwcyUzQSUyRiUyRnd3dy5pa2Etc2VydmljZXMubWElMkZpbmRleC5waHAlMkZhbWVuYWdlbWVudC1yZW5vdmF0aW9uJTJGJTIyJTNFQW0lQzMlQTluYWdlbWVudCUzQyUyRmElM0UlM0MlMkZkaXYlM0UlMEElM0NkaXYlMjBjbGFzcyUzRCUyMndpZGdldC1kb3dubG9hZC1zdWJ0aXRsZSUyMiUzRUFnZW5jZW1lbnQlMjBldCUyMFRyYXZhdXglMjBkaXZlcnMlM0MlMkZkaXYlM0UlMEElM0MlMkZkaXYlM0UlMEElM0MlMkZkaXYlM0UlMEElM0NkaXYlMjBjbGFzcyUzRCUyMndpZGdldC1kb3dubG9hZC1saW5rLXdyYXBwZXIlMjIlM0UlMEElM0NkaXYlMjBjbGFzcyUzRCUyMndpZGdldC1kb3dubG9hZC1kZXRhaWxzJTIyJTNFJTBBJTNDZGl2JTIwY2xhc3MlM0QlMjJ3aWRnZXQtZG93bmxvYWQtdGl0bGUlMjIlM0UlM0NhJTIwaHJlZiUzRCUyMmh0dHBzJTNBJTJGJTJGd3d3LmlrYS1zZXJ2aWNlcy5tYSUyRmluZGV4LnBocCUyRmRlY29yYXRpb24taW50ZXJpZXVyZS1leHRlcmlldXJlJTJGJTIyJTNFRCVDMyVBOWNvcmF0aW9uJTNDJTJGYSUzRSUzQyUyRmRpdiUzRSUwQSUzQ2RpdiUyMGNsYXNzJTNEJTIyd2lkZ2V0LWRvd25sb2FkLXN1YnRpdGxlJTIyJTNFSW50JUMzJUE5cmlldXJlJTIwZXQlMjBleHQlQzMlQTlyaWV1cmUlM0MlMkZkaXYlM0UlMEElM0MlMkZkaXYlM0UlMEElM0MlMkZkaXYlM0U=[\/vc_raw_html][\/vc_column][\/vc_row][vc_row el_id=\u00a0\u00bbamenager\u00a0\u00bb][vc_column][vc_empty_space height=\u00a0\u00bb30px\u00a0\u00bb][\/vc_column][\/vc_row][vc_row css=\u00a0\u00bb.vc_custom_1460536155154{margin-right: -25px !important;margin-left: -15px !important;}\u00a0\u00bb][vc_column][vc_images_carousel images=\u00a0\u00bb182,185,186,196,197,198,199,200,201,202,203,204,205,206,207,208,209,195&Prime; img_size=\u00a0\u00bbfull\u00a0\u00bb speed=\u00a0\u00bb2000&Prime; slides_per_view=\u00a0\u00bb4&Prime; autoplay=\u00a0\u00bbyes\u00a0\u00bb hide_pagination_control=\u00a0\u00bbyes\u00a0\u00bb wrap=\u00a0\u00bbyes\u00a0\u00bb css=\u00a0\u00bb.vc_custom_1599084170502{margin-left: -10px !important;}\u00a0\u00bb][\/vc_column][\/vc_row][vc_row][vc_column]<div class=\"mgt-header-block clearfix text-left text-black wpb_content_element  mgt-header-block-style-2 mgt-header-texttransform-none  vc_custom_1597862119713\"><h3 class=\"mgt-header-block-title\">Am\u00e9nagement d'Espaces Professionnels<\/h3><div class=\"mgt-header-line\"><\/div><\/div>[vc_column_text]<\/p>\n<p style=\"text-align: justify;\">IKA Services am\u00e9nage ou r\u00e9nove vos locaux de travail pour cr\u00e9er un espace convivial \u00e0 vos collaborateurs et optimiser l&rsquo;architecture de vos espaces.<\/p>\n<p style=\"text-align: justify;\">Nos services d&rsquo;am\u00e9nagement et de r\u00e9novation int\u00e8grent tous les travaux \u00e0 travers notre gestion cl\u00e9 en main des projets de bout en bout, notamment: le rev\u00eatement de sol, le rev\u00eatement mural, le cloisonnement (fixe, amovible, etc) de bureaux, l&rsquo;isolation, la peinture, la menuiserie, la pl\u00e2trerie, le faux plafond Armstrong, les installations \u00e9lectrique, le c\u00e2blage informatique et t\u00e9l\u00e9phonique, la climatisation et la mise en place des syst\u00e8mes d&rsquo;alarme, de vid\u00e9o surveillance, de d\u00e9tection d&rsquo;incendie, de contr\u00f4le d&rsquo;acc\u00e8s et de gestion de parking.<\/p>\n<p>[\/vc_column_text][\/vc_column][\/vc_row][vc_row][vc_column][vc_separator][\/vc_column][\/vc_row][vc_row][vc_column width=\u00a0\u00bb1\/2&Prime;]<div class=\"mgt-header-block clearfix text-left text-black wpb_content_element  mgt-header-block-style-2 mgt-header-texttransform-none  vc_custom_1597862960582\"><h3 class=\"mgt-header-block-title\">Am\u00e9nagement de Magasins, Espaces d'Accueil, Divertissement et Restauration<\/h3><div class=\"mgt-header-line\"><\/div><\/div>[vc_column_text]<\/p>\n<p style=\"text-align: justify;\">Pour vos magasins, h\u00f4tels, restaurants, caf\u00e9s,etc, IKA Services assure l&rsquo;am\u00e9nagement tout en optimisant vos espaces pour une design original et une disposition apaisante.<\/p>\n<p style=\"text-align: justify;\">Nos services int\u00e8grent tous les travaux \u00e0 travers notre gestion cl\u00e9 en main des projets de bout en bout, notamment: le rev\u00eatement de sol, le carrelage (parquet, c\u00e9ramique,&#8230;), l&rsquo;isolation, la peinture, la menuiserie, la pl\u00e2trerie, le faux plafond Armstrong, les installations \u00e9lectrique, le c\u00e2blage informatique et t\u00e9l\u00e9phonique, la climatisation et la mise en place des syst\u00e8mes d&rsquo;alarme, de vid\u00e9o surveillance, de d\u00e9tection d&rsquo;incendie, de contr\u00f4le d&rsquo;acc\u00e8s et de gestion de parking.<\/p>\n<p>[\/vc_column_text][\/vc_column][vc_column width=\u00a0\u00bb1\/2&Prime;][vc_gallery interval=\u00a0\u00bb10&Prime; images=\u00a0\u00bb190,260&Prime; img_size=\u00a0\u00bbfull\u00a0\u00bb][\/vc_column][\/vc_row][vc_row][vc_column width=\u00a0\u00bb1\/2&Prime;]<div class=\"mgt-header-block clearfix text-left text-black wpb_content_element  mgt-header-block-style-2 mgt-header-texttransform-none  vc_custom_1597863022537\"><h3 class=\"mgt-header-block-title\">Am\u00e9nagement de Bien Immobilier<\/h3><div class=\"mgt-header-line\"><\/div><\/div>[vc_column_text]<\/p>\n<p style=\"text-align: justify;\">En vue de vous lib\u00e9rer de la lourdeur du suivi des travaux n\u00e9cessaires pour am\u00e9nager ou r\u00e9nover vos biens immobiliers (villas, appartements, immeubles, fermes,&#8230;), IKA Services g\u00e8re ces travaux de bout en bout et vous apporte la solution cl\u00e9 en main que vous cherchez.<\/p>\n<p style=\"text-align: justify;\">De la construction en mat\u00e9riaux souhait\u00e9s jusqu&rsquo;\u00e0 l&rsquo;am\u00e9nagement int\u00e9grant les travaux de le rev\u00eatement de sol, le carrelage, l&rsquo;isolation, la peinture, la menuiserie, la pl\u00e2trerie, le faux plafond Armstrong, les installations \u00e9lectrique, le c\u00e2blage informatique et t\u00e9l\u00e9phonique, la climatisation et la mise en place des syst\u00e8mes d&rsquo;alarme, de vid\u00e9o surveillance, de d\u00e9tection d&rsquo;incendie et de contr\u00f4le d&rsquo;acc\u00e8s, nous prenons en charge votre projet.<\/p>\n<p>[\/vc_column_text]<style scoped='scoped'>.mgt-promo-block-73292048663.mgt-promo-block.animated:hover .mgt-promo-block-content {background-color: rgba(0,0,0,0.5)!important;}<\/style><div class=\"mgt-promo-block animated white-text text-size-normal no-darken mgt-promo-block-73292048663 wpb_content_element\" data-style=\"background-color: #2a2f35;width: 100%; height: 250px;\"><div class=\"mgt-promo-block-content va-top\"><div class=\"mgt-promo-block-content-inside vc_custom_1600956011580\">\n<h4 style=\"text-align: left\">POURQUOI IKA SERVICES ?<\/h4>\n<p style=\"text-align: justify\">Prise en charge de bout en bout de projets complets: Construction en b\u00e9ton et en bois, Am\u00e9nagement de bureaux, villas, maisons, restaurants, caf\u00e9s,etc, D\u00e9coration et Travaux divers (carrelage, agencement, vid\u00e9o surveillance, peinture, pl\u00e2trerie, plomberie, menuiserie\u2026).\n<div class=\"mgt-button-wrapper mgt-button-wrapper-align-left mgt-button-wrapper-display-newline mgt-button-top-margin-enable\"><a class=\"btn hvr-icon-wobble-horizontal mgt-button mgt-style-textwhite mgt-size-normal mgt-align-left mgt-display-newline mgt-text-size-small mgt-button-icon-position-right mgt-text-transform-uppercase \" href=\"https:\/\/ikaservices.forcinet.ma\/index.php\/contact-devis\/\">Am\u00e9nagez votre espace<i class=\"fa fa-arrow-right\"><\/i><\/a><\/div><\/div><\/div><\/div>[\/vc_column][vc_column width=\u00a0\u00bb1\/2&Prime;][vc_tta_accordion color=\u00a0\u00bbblack\u00a0\u00bb c_position=\u00a0\u00bbright\u00a0\u00bb active_section=\u00a0\u00bb1&Prime;][vc_tta_section title=\u00a0\u00bbPERFORMANCE\u00a0\u00bb tab_id=\u00a0\u00bbperformance-amenagement\u00a0\u00bb][vc_column_text]<\/p>\n<p style=\"text-align: justify;\">Nous d\u00e9ployons diff\u00e9rentes expertises compl\u00e9mentaires pour assurer un am\u00e9nagement de qualit\u00e9 en utilisant des mat\u00e9riaux, des outils et des mati\u00e8res premi\u00e8res efficaces.<\/p>\n<p>[\/vc_column_text][\/vc_tta_section][vc_tta_section title=\u00a0\u00bbDESIGN\u00a0\u00bb tab_id=\u00a0\u00bbdesing-amenagement\u00a0\u00bb][vc_column_text]<\/p>\n<p style=\"text-align: justify;\">Pour vos projets d&rsquo;am\u00e9nagement ou r\u00e9novation, nous tenons compte des aspects esth\u00e9tiques pour cr\u00e9er une ambiance apaisante, inspirante et conviviale.<\/p>\n<p>[\/vc_column_text][\/vc_tta_section][vc_tta_section title=\u00a0\u00bbINNOVATION\u00a0\u00bb tab_id=\u00a0\u00bbinnovation-amenagement\u00a0\u00bb][vc_column_text]<\/p>\n<p style=\"text-align: justify;\">Nous choisissons des technologies innovatrices dans tous les travaux assur\u00e9s lors de l&rsquo;am\u00e9nagement ou la r\u00e9novation de vos espaces professionnels, retail, industriels ou immobilers.<\/p>\n<p>[\/vc_column_text][\/vc_tta_section][\/vc_tta_accordion][vc_gallery interval=\u00a0\u00bb10&Prime; images=\u00a0\u00bb178,258,257,259&Prime; img_size=\u00a0\u00bbfull\u00a0\u00bb][\/vc_column][\/vc_row]<\/p>\n<\/div>","protected":false},"excerpt":{"rendered":"<p>[vc_row full_width=\u00a0\u00bbstretch_row\u00a0\u00bb full_height=\u00a0\u00bbyes\u00a0\u00bb css=\u00a0\u00bb.vc_custom_1601291509687{background-image: url(https:\/\/ikaservices.forcinet.ma\/wp-content\/uploads\/2020\/09\/Amenagement-Bureaux-IKA-Services-2-1.jpg?id=413) !important;background-position: 0 0 !important;background-repeat: no-repeat !important;}\u00a0\u00bb][vc_column css_animation=\u00a0\u00bbnone\u00a0\u00bb width=\u00a0\u00bb1\/2&Prime;][vc_row_inner content_placement=\u00a0\u00bbmiddle\u00a0\u00bb css=\u00a0\u00bb.vc_custom_1601285337911{margin-top: 35px !important;margin-right: -10px !important;margin-left: -10px !important;border-top-width: -20px !important;padding-top: -90px !important;background-color: #f15d45 !important;}\u00a0\u00bb][vc_column_inner css=\u00a0\u00bb.vc_custom_1601247991060{padding-bottom: 10px !important;}\u00a0\u00bb][vc_column_text&#8230;<\/p>\n","protected":false},"author":1,"featured_media":0,"parent":0,"menu_order":0,"comment_status":"closed","ping_status":"closed","template":"","meta":{"footnotes":""},"class_list":["post-172","page","type-page","status-publish","hentry"],"yoast_head":"<!-- This site is optimized with the Yoast SEO plugin v23.4 - https:\/\/yoast.com\/wordpress\/plugins\/seo\/ -->\n<title>Am\u00e9nagement d&#039;Espaces Professionnels et Personnels | IKA Services<\/title>\n<meta name=\"description\" content=\"IKA Services se charge de tous les travaux divers d&#039;am\u00e9nagement et de r\u00e9novation de vos locaux de travail, d&#039;habitat, de commerce, etc.\" \/>\n<meta name=\"robots\" content=\"index, follow, max-snippet:-1, max-image-preview:large, max-video-preview:-1\" \/>\n<link rel=\"canonical\" href=\"https:\/\/ikaservices.forcinet.ma\/index.php\/amenagement-renovation\/\" \/>\n<meta property=\"og:locale\" content=\"fr_FR\" \/>\n<meta property=\"og:type\" content=\"article\" \/>\n<meta property=\"og:title\" content=\"Am\u00e9nagement d&#039;Espaces Professionnels et Personnels | IKA Services\" \/>\n<meta property=\"og:description\" content=\"IKA Services se charge de tous les travaux divers d&#039;am\u00e9nagement et de r\u00e9novation de vos locaux de travail, d&#039;habitat, de commerce, etc.\" \/>\n<meta property=\"og:url\" content=\"https:\/\/ikaservices.forcinet.ma\/index.php\/amenagement-renovation\/\" \/>\n<meta property=\"og:site_name\" content=\"IKA Services\" \/>\n<meta property=\"article:modified_time\" content=\"2020-12-28T21:18:53+00:00\" \/>\n<meta property=\"og:image\" content=\"https:\/\/ikaservices.forcinet.ma\/wp-content\/uploads\/2020\/09\/Office-open-space-1-1.jpg\" \/>\n\t<meta property=\"og:image:width\" content=\"1200\" \/>\n\t<meta property=\"og:image:height\" content=\"900\" \/>\n\t<meta property=\"og:image:type\" content=\"image\/jpeg\" \/>\n<meta name=\"twitter:card\" content=\"summary_large_image\" \/>\n<meta name=\"twitter:title\" content=\"Am\u00e9nagement d&#039;Espaces Professionnels et Personnels | IKA Services\" \/>\n<meta name=\"twitter:description\" content=\"IKA Services se charge de tous les travaux divers d&#039;am\u00e9nagement et de r\u00e9novation de vos locaux de travail, d&#039;habitat, de commerce, etc.\" \/>\n<meta name=\"twitter:image\" content=\"https:\/\/ikaservices.forcinet.ma\/wp-content\/uploads\/2020\/09\/Office-open-space-1-1.jpg\" \/>\n<meta name=\"twitter:label1\" content=\"Dur\u00e9e de lecture estim\u00e9e\" \/>\n\t<meta name=\"twitter:data1\" content=\"8 minutes\" \/>\n<script type=\"application\/ld+json\" class=\"yoast-schema-graph\">{\"@context\":\"https:\/\/schema.org\",\"@graph\":[{\"@type\":\"WebPage\",\"@id\":\"https:\/\/ikaservices.forcinet.ma\/index.php\/amenagement-renovation\/\",\"url\":\"https:\/\/ikaservices.forcinet.ma\/index.php\/amenagement-renovation\/\",\"name\":\"Am\u00e9nagement d'Espaces Professionnels et Personnels | IKA Services\",\"isPartOf\":{\"@id\":\"https:\/\/ikaservices.forcinet.ma\/#website\"},\"datePublished\":\"2020-09-02T21:37:38+00:00\",\"dateModified\":\"2020-12-28T21:18:53+00:00\",\"description\":\"IKA Services se charge de tous les travaux divers d'am\u00e9nagement et de r\u00e9novation de vos locaux de travail, d'habitat, de commerce, etc.\",\"inLanguage\":\"fr-FR\",\"potentialAction\":[{\"@type\":\"ReadAction\",\"target\":[\"https:\/\/ikaservices.forcinet.ma\/index.php\/amenagement-renovation\/\"]}]},{\"@type\":\"WebSite\",\"@id\":\"https:\/\/ikaservices.forcinet.ma\/#website\",\"url\":\"https:\/\/ikaservices.forcinet.ma\/\",\"name\":\"IKA Services\",\"description\":\"Construction, Am\u00e9nagement &amp; D\u00e9coration\",\"potentialAction\":[{\"@type\":\"SearchAction\",\"target\":{\"@type\":\"EntryPoint\",\"urlTemplate\":\"https:\/\/ikaservices.forcinet.ma\/?s={search_term_string}\"},\"query-input\":{\"@type\":\"PropertyValueSpecification\",\"valueRequired\":true,\"valueName\":\"search_term_string\"}}],\"inLanguage\":\"fr-FR\"}]}<\/script>\n<!-- \/ Yoast SEO plugin. -->","yoast_head_json":{"title":"Am\u00e9nagement d'Espaces Professionnels et Personnels | IKA Services","description":"IKA Services se charge de tous les travaux divers d'am\u00e9nagement et de r\u00e9novation de vos locaux de travail, d'habitat, de commerce, etc.","robots":{"index":"index","follow":"follow","max-snippet":"max-snippet:-1","max-image-preview":"max-image-preview:large","max-video-preview":"max-video-preview:-1"},"canonical":"https:\/\/ikaservices.forcinet.ma\/index.php\/amenagement-renovation\/","og_locale":"fr_FR","og_type":"article","og_title":"Am\u00e9nagement d'Espaces Professionnels et Personnels | IKA Services","og_description":"IKA Services se charge de tous les travaux divers d'am\u00e9nagement et de r\u00e9novation de vos locaux de travail, d'habitat, de commerce, etc.","og_url":"https:\/\/ikaservices.forcinet.ma\/index.php\/amenagement-renovation\/","og_site_name":"IKA Services","article_modified_time":"2020-12-28T21:18:53+00:00","og_image":[{"width":1200,"height":900,"url":"https:\/\/ikaservices.forcinet.ma\/wp-content\/uploads\/2020\/09\/Office-open-space-1-1.jpg","type":"image\/jpeg"}],"twitter_card":"summary_large_image","twitter_title":"Am\u00e9nagement d'Espaces Professionnels et Personnels | IKA Services","twitter_description":"IKA Services se charge de tous les travaux divers d'am\u00e9nagement et de r\u00e9novation de vos locaux de travail, d'habitat, de commerce, etc.","twitter_image":"https:\/\/ikaservices.forcinet.ma\/wp-content\/uploads\/2020\/09\/Office-open-space-1-1.jpg","twitter_misc":{"Dur\u00e9e de lecture estim\u00e9e":"8 minutes"},"schema":{"@context":"https:\/\/schema.org","@graph":[{"@type":"WebPage","@id":"https:\/\/ikaservices.forcinet.ma\/index.php\/amenagement-renovation\/","url":"https:\/\/ikaservices.forcinet.ma\/index.php\/amenagement-renovation\/","name":"Am\u00e9nagement d'Espaces Professionnels et Personnels | IKA Services","isPartOf":{"@id":"https:\/\/ikaservices.forcinet.ma\/#website"},"datePublished":"2020-09-02T21:37:38+00:00","dateModified":"2020-12-28T21:18:53+00:00","description":"IKA Services se charge de tous les travaux divers d'am\u00e9nagement et de r\u00e9novation de vos locaux de travail, d'habitat, de commerce, etc.","inLanguage":"fr-FR","potentialAction":[{"@type":"ReadAction","target":["https:\/\/ikaservices.forcinet.ma\/index.php\/amenagement-renovation\/"]}]},{"@type":"WebSite","@id":"https:\/\/ikaservices.forcinet.ma\/#website","url":"https:\/\/ikaservices.forcinet.ma\/","name":"IKA Services","description":"Construction, Am\u00e9nagement &amp; D\u00e9coration","potentialAction":[{"@type":"SearchAction","target":{"@type":"EntryPoint","urlTemplate":"https:\/\/ikaservices.forcinet.ma\/?s={search_term_string}"},"query-input":{"@type":"PropertyValueSpecification","valueRequired":true,"valueName":"search_term_string"}}],"inLanguage":"fr-FR"}]}},"_links":{"self":[{"href":"https:\/\/ikaservices.forcinet.ma\/index.php\/wp-json\/wp\/v2\/pages\/172"}],"collection":[{"href":"https:\/\/ikaservices.forcinet.ma\/index.php\/wp-json\/wp\/v2\/pages"}],"about":[{"href":"https:\/\/ikaservices.forcinet.ma\/index.php\/wp-json\/wp\/v2\/types\/page"}],"author":[{"embeddable":true,"href":"https:\/\/ikaservices.forcinet.ma\/index.php\/wp-json\/wp\/v2\/users\/1"}],"replies":[{"embeddable":true,"href":"https:\/\/ikaservices.forcinet.ma\/index.php\/wp-json\/wp\/v2\/comments?post=172"}],"version-history":[{"count":93,"href":"https:\/\/ikaservices.forcinet.ma\/index.php\/wp-json\/wp\/v2\/pages\/172\/revisions"}],"predecessor-version":[{"id":459,"href":"https:\/\/ikaservices.forcinet.ma\/index.php\/wp-json\/wp\/v2\/pages\/172\/revisions\/459"}],"wp:attachment":[{"href":"https:\/\/ikaservices.forcinet.ma\/index.php\/wp-json\/wp\/v2\/media?parent=172"}],"curies":[{"name":"wp","href":"https:\/\/api.w.org\/{rel}","templated":true}]}}